1011111011 (base 2) to base 16.
-2d6fb
Convert -211220441 (base 5) to base 2.
-11010111011110111101
-732067 (base 8) to base 15
-4bdcd
Convert 11202024 (base 5) to base 7.
565213
What is -4001241 (base 6) in base 7?
-1406002
Convert -101156231 (base 7) to base 5.
-3003212230
Convert 21a33 (base 15) to base 4.
122012223
-242371 (base 9) to base 11
-9a855
423656 (base 15) to base 14
5c00dc
What is 555114123 (base 6) in base 8?
46233303
Convert -314151 (base 7) to base 15.
-11139
What is 43462313 (base 7) in base 16?
38e8bc
-151570 (base 11) to base 16
-39aed
Convert -134032130 (base 5) to base 10.
-689665
What is -53244451 (base 7) in base 2?
-10001001110011010011100
What is -13304444 (base 5) in base 8?
-407527
Convert 63121 (base 8) to base 4.
12121101
-115334245 (base 6) to base 5
-1032033023
3414022131 (base 5) to base 4
130312230021
-2331303202 (base 4) to base 12
-315aaa
-12241717 (base 9) to base 11
-3422563
-8870 (base 16) to base 12
-18268
Convert -10121012002211 (base 3) to base 7.
-22155115
Convert 585084 (base 10) to base 7.
4654533
What is 5b504 (base 12) in base 14?
32d92
What is 1100110110001100110010 (base 2) in base 16?
336332
What is 21442102 (base 5) in base 13?
67254
Convert 537674 (base 10) to base 14.
ddd34
-12625 (base 8) to base 12
-3245
What is 177ab5 (base 12) in base 13?
113723
21653232 (base 7) to base 13
50a19b
111212010112101 (base 3) to base 5
3341122032
Convert 144553523 (base 6) to base 3.
12201001101020
Convert 11100115 (base 6) to base 7.
2561654
What is 684466 (base 10) in base 4?
2213012302
Convert 42133112 (base 5) to base 7.
2652644
Convert e2d864 (base 16) to base 6.
1250350312
Convert 4056626 (base 7) to base 5.
111004343
What is 4004053 (base 6) in base 2?
101101110010000001
What is -124926 (base 13) in base 16?
-6b1e4
2213102233 (base 4) to base 14
13ba11
53350404 (base 6) to base 15
210104
104040144 (base 5) to base 10
455674
What is -333202231223 (base 4) in base 5?
-13231013014
Convert 2384233 (base 10) to base 8.
11060551
Convert 4065 (base 11) to base 6.
40551
-18259 (base 11) to base 10
-25595
What is 45848 (base 11) in base 5?
4104424
What is -13464 (base 11) in base 4?
-10223310
-10033004 (base 5) to base 12
-3a623
What is 10101110010000100111111 (base 2) in base 4?
111302010333
Convert 6933709 (base 10) to base 11.
3a06442
What is -110102110021 (base 3) in base 16?
-3bb42
-305526 (base 8) to base 14
-28c50
Convert 1434566 (base 7) to base 13.
6a256
What is -101d1a (base 14) in base 11?
-341084
What is 1140002540 (base 6) in base 3?
220020020212120
8488a0 (base 14) to base 5
2121324131
-223202101320 (base 4) to base 3
-210110211010220
What is -4977e (base 15) in base 12?
-b38b5
Convert f51dc (base 16) to base 4.
3311013130
-17749b (base 16) to base 15
-2056d9
270873 (base 9) to base 2
101000001110000011
-510646 (base 7) to base 4
-111023230
1308885 (base 11) to base 14
42dd55
Convert -6c747 (base 14) to base 15.
-53724
What is -1020301203 (base 4) in base 5?
-34014313
Convert 640b4 (base 12) to base 4.
200012020
What is 199b01 (base 13) in base 7?
5344654
410023 (base 5) to base 14
4b06
What is -3321401401 (base 5) in base 16?
-6e1aeb
-3162662 (base 9) to base 7
-20255633
5aa6d (base 14) to base 2
110110000110001001
-33561 (base 8) to base 11
-a733
Convert 875a73 (base 13) to base 7.
36025000
Convert -1011001100110001000101 (base 2) to base 9.
-5464235
What is 1002101022101 (base 3) in base 10?
578323
-123144100 (base 5) to base 13
-180092
What is -157c0d (base 15) in base 7?
-11554453
Convert -227a02 (base 13) to base 8.
-3073213
What is 337443 (base 9) in base 15?
3ee16
-1105ab (base 14) to base 13
-172a52
Convert -810225 (base 14) to base 5.
-2102411213
What is -20210000201100 (base 3) in base 13?
-991983
-18774644 (base 9) to base 11
-53a7437
-7ca87 (base 13) to base 9
-376785
-132004 (base 9) to base 7
-452542
505618 (base 9) to base 14
7b173
What is 628255 (base 12) in base 15?
208ccb
Convert -32520451 (base 6) to base 2.
-11101101111110101111
70346 (base 16) to base 4
1300031012
70004 (base 16) to base 6
13455512
What is -14125 (base 16) in base 12?
-3b6b1
Convert 434634 (base 8) to base 14.
3b1da
15a12 (base 15) to base 16
11087
What is 422222 (base 11) in base 12?
28753a
What is 1605521 (base 8) in base 7?
3631626
Convert -105e (base 15) to base 8.
-6610
What is 1100100112222 (base 3) in base 14?
148aad
What is 1b96515 (base 14) in base 11?
7881841
15917 (base 13) to base 12
1b93b
Convert 110110001011111101010 (base 2) to base 7.
21043442
Convert 1426946 (base 12) to base 8.
17307706
What is 331188 (base 10) in base 15?
681e3
Convert 11221020202100 (base 3) to base 15.
36c1ac
What is 20659 (base 11) in base 4?
13111320
What is 541734 (base 8) in base 5?
21244322
-420530 (base 7) to base 6
-1314412
Convert -6852624 (base 10) to base 12.
-2365780
-41104123 (base 5) to base 2
-1010001000000001100
-2413027 (base 8) to base 10
-661015
-625093 (base 12) to base 7
-16055112
What is -5c7d1a (base 14) in base 8?
-14063064
What is 101000202222 (base 3) in base 9?
330688
What is 1100010100101000100001 (base 2) in base 13?
8913b1
1110110011110010 (base 2) to base 5
3420113
What is -30351 (base 8) in base 14?
-47c5
Convert -10000000100111010011 (base 2) to base 10.
-526803
What is 6466224 (base 9) in base 5?
1342000031
Convert 92a69 (base 14) to base 2.
1010110010000000101
Convert -1327a45 (base 11) to base 15.
-304d17
Convert 1301520 (base 9) to base 16.
ad46c
What is 117275 (base 9) in base 13?
263a2
What is 1500315 (base 6) in base 7?
504503
What is 26024004 (base 7) in base 4?
20333331312
What is 141226 (base 13) in base 12?
1b6574
1002100221012 (base 3) to base 11
365329
What is 2113230021 (base 4) in base 5?
124340241
-1158880 (base 9) to base 16
-99c57
Convert 56da9 (base 14) to base 4.
303210221
Convert 2b133 (base 15) to base 3.
21001012010
223004021 (base 5) to base 4
3300130312
-4bd041 (base 14) to base 7
-31116111
Convert -20223201 (base 5) to base 12.
-7b014
What is 110100110111011101001 (base 2) in base 5?
420413304
Convert 48ddc4 (base 14) to base 2.
1001100001100111111000
Convert 2b07600 (base 12) to base 8.
41213240
2101202210 (base 3) to base 13
18651
What is -4953dd (base 14) in base 3?
-11201121012010
-51643633 (base 7) to base 5
-2103102112
Convert 431603 (base 8) to base 2.
100011001110000011
What is -71345 (base 9) in base 6?
-1001152
49aaa61 (base 11) to base 13
1a5659c
Convert -73b076 (base 16) to base 3.
-112021012021221
-260104 (base 8) to base 3
-11120201000
Convert -103313001031 (base 4) to base 12.
-18b0951
What is 5562112 (base 11) in base 8?
45152146
Convert -64893d (base 15) to base 12.
-172a8a1
What is -13220151 (base 6) in base 4?
-1222331203
8590aa (base 14) to base 8
21173136
What is 38635 (base 10) in base 16?
96eb
2134dc (base 15) to base 10
1580607
Convert 1051501 (base 6) to base 3.
2201102201
-365fe (base 16) to base 15
-45ecd
20002111000 (base 3) to base 15
257dc
Convert -7248554 (base 9) to base 15.
-516d2a
4309821 (base 10) to base 4
100130030331
What is 11110321300 (base 4) in base 3?
2121221102011
What is 2340432 (base 6) in base 16?
1dc84
-974584 (base 10) to base 14
-1b5252
-1433 (base 6) to base 4
-11331
Convert -634225 (base 7) to base 14.
-2bcbc
Convert -10210021000222 (base 3) to base 13.
-556205
Convert -692531 (base 10) to base 3.
-1022011222022
Convert -11010000010000 (base 2) to base 8.
-32020
Convert -1202031402 (base 5) to base 15.
-39a102
What is -416110 (base 7) in base 10?
-71743
What is 23023203101 (base 4) in base 5?
1222242042
-454013 (base 7) to base 5
-10034430
2052327 (base 8) to base 14
102da7
-201435 (base 9) to base 15
-254a8
Convert 3023243124 (base 5) to base 15.
7ee029
-29090 (base 15) to base 11
-8aaa2
-243312 (base 8) to base 16
-146ca
Convert 1200002100002 (base 3) to base 16.
d8a8e
What is -102021202121000 (base 3) in base 15?
-7d7599
11111101000010111001001 (base 2) to base 12
293a5a1
What is -3412816 (base 11) in base 8?
-26632127
-cc419 (base 13) to base 12
-15a002
-415437 (base 8) to base 2
-100001101100011111
What is 21020533 (base 7) in base 12?
71423a
Convert -17dfd9 (base 16) to base 3.
-2221111021101
Convert 10537630 (base 8) to base 4.
20223332120
What is 408aa (base 12) in base 5?
10143401
What is 322013340